 2*y. Let a(z) = -20*z**3 - 3*z**2 - 7*z. Let d(w) = v*f(w) + 2*a(w). Calculate d(1).
10
Let i(n) = -n**2 - 3*n. Let x be ((-4)/(-6))/(2/9). Calculate i(x).
-18
Let k(w) be the third derivative of w**7/2520 - w**6/720 - w**5/60 - w**4/12 + 36*w**2. Let p(c) be the second derivative of k(c). Give p(0).
-2
Let o(i) = -2*i - 2 + 2*i**3 + 3 + 3*i**2 - i. Let p be (0/(-1) + 7 + 36/(-6))*-3. Give o(p).
-17
Let w(t) = 3*t + 3. Let k = -143 + 149. Let n be 1/(-2)*(k - (-3 - -3)). Calculate w(n).
-6
Suppose u - 16 = -i, 3*i - i = 2*u + 52. Let c = 24 - i. Let w(g) = g**2 - 2 + 3 + 0*g**2 - 3*g. Give w(c).
1
Let b be (0 - (3 - 4)) + 1. Let j(h) = 2 + 5*h - 4*h - 2*h + 3*h**2 - b*h**2. What is j(3)?
8
Suppose -2*h - 135 = r + h, -4*r - 4*h - 532 = 0. Let z be 2/(-7) + r/(-21). Let w(b) = -2*b**2 - 2 + 3*b**2 - 7*b - 6. Calculate w(z).
-14
Let n(m) = -m**2 + m + 12. Let d = -48 - -32. Let x = d - -16. Calculate n(x).
12
Let f(k) = -2*k + 6. Let r(y) = -9. Let g(i) = -f(i) - r(i). Calculate g(-4).
-5
Let r be (-3 + 3 + -3)/(6/(-4)). Let d(k) = r*k**3 + 3 - 5*k - k - k**3 - 4*k**2. Give d(5).
-2
Let h(l) = -l**3 + 6*l**2 + 8*l - 4. Let m be h(7). Let q(b) = -2*b + m*b + 6*b. Let r(s) = s**2 - 38*s + 36. Let w be r(37). Determine q(w).
-7
Suppose -178 = -24*g - 10. Let f(x) = x**3 - 8*x**2 + 6*x + 6. What is f(g)?
-1
Let d(c) = 19*c**2 + 13*c - 23. Let a(s) = -22*s**2 - 13*s + 23. Let k(g) = 6*a(g) + 7*d(g). What is k(-15)?
7
Let l(u) = -u**2 - 7*u - 7. Let k be (-42)/(-9) + 2 + 3/9. Suppose k*x - 30 = 12*x. Determine l(x).
-1
Let n(a) = a**2 + 12*a - 18. Suppose 27*d = -3*d - 360. Calculate n(d).
-18
Let f(x) = 11*x**3 + 2*x**2 - 2*x + 1. Let d = 293 - 292. What is f(d)?
12
Let w(o) = 71*o**3 - 72*o**3 - 3 - 12 - 13*o + 2*o**2 + 11*o**2. What is w(12)?
-27
Let i(q) = 3*q + 14*q**2 + 35 + 22 - 3*q - 58. What is i(1)?
13
Let r(q) = q**2. Let m(s) = s**2 + 10*s - 8. Let k(u) = -m(u) + 6*r(u). Let b(y) = -y**2 + y - 1. Let o(t) = -4*b(t) - k(t). Calculate o(3).
5
Let g(w) = w**2 - 13*w + 8. Let t(o) = o**2 - 15*o + 9. Let l(p) = -6*g(p) + 5*t(p). Give l(2).
-1
Let d(j) = 6*j**3 + 7*j**2 + 14*j - 3. Let t(m) = m**3 + 2*m**2 + 2*m + 1. Let c(o) = -d(o) + 5*t(o). Calculate c(2).
4
Let s(p) = -5*p**3 - p**2 - 2*p - 1. Let y(g) = -3*g + 20. Let c be y(5). Suppose a + 6 = -c*a. What is s(a)?
5
Let x(c) = -c**3 - 24*c**2 - c - 20. Let m(r) = -r**2 + 2. Let w(n) = -4*m(n) + x(n). What is w(-20)?
-8
Let s(m) = 4*m + 1. Let g(y) = 7*y + 1. Let u(l) = -6*g(l) + 11*s(l). Suppose -o = -3*r + 11, 0 = -3*o + 4*o - 2*r + 9. Give u(o).
-5
Let x be (0 - -1)/(4/(-12)). Let i(y) = -11*y**2 - 5*y + 7*y - 4*y + 3 + 10*y**2. Give i(x).
0
Let v(w) = w**2 + w + 2. Let a(b) = 11*b**2 - 3*b - 6. Suppose -4*d - 15 = -27. Let l(i) = d*v(i) + a(i). Determine l(-1).
14
Let p(d) = 613*d - 618*d - 3 - 8. Calculate p(-6).
19
Let l(p) = 8*p**3 - p**2. Let r be 1 + (-2 - (13 - 4)). Let t(s) = s**2 + 2*s - 4. Let i be t(r). Let z be i/57 - (-1)/(-3). Calculate l(z).
7
Let r(n) be the first derivative of -n**2/2 + 12*n + 73. Give r(11).
1
Let z(a) = a**3 - 4*a**2 - 6*a + 6. Let h = -17 + 9. Let f = -10 - h. Let j be 6 + (f + 6)/(-4). What is z(j)?
1
Let q be 153/(-27) + (-2)/6. Let k be -2 - (q - (3 + -1)). Let h(y) = 3*y - k*y + y. Give h(4).
-8
Let g(y) = -y**2 - 4*y + 5. Suppose 5*i = 5*n + 165, -i + 5*n + 27 = 2*n. Let k = i - 40. Give g(k).
5
Suppose 0 = 4*z - 5*i + 25, -2*z + i - 7 = 4. Let s(a) be the second derivative of 0 - a**2 + 4*a + 5/6*a**3 - 1/20*a**5 - 1/3*a**4. Calculate s(z).
-2
Let q(r) = -r**3 - 10*r**2 - 22*r + 17. Let s be q(-6). Let t(u) be the third derivative of 0*u + 0 - 1/2*u**3 - 3*u**2 + 1/60*u**s - 1/4*u**4. Calculate t(6).
-3
Let b(g) = -4*g - 3. Suppose -2*n + d = -15 - 4, -4*d = 4*n - 8. Calculate b(n).
-31
Let u(j) = j - 25 - 15*j + 33*j + 0*j**2 - j**2. Determine u(18).
-7
Let i(b) = -5*b**2 + b - 6. Let z(s) = s**2 + 1. Let y = -34 - -35. Let g(l) = y*i(l) + 4*z(l). What is g(4)?
-14
Let o(a) = a**2 - 4*a - 47. Let k be o(9). Let m(j) = 2*j**2 - j + 2. Determine m(k).
12
Let s(l) = 13 + l**3 + 0*l**3 + 6*l**2 + 7*l - 18 + 7. Suppose 37 = -3*m + 13. Let a = -13 - m. Calculate s(a).
-8
Let r(d) be the second derivative of d**5/20 + d**4/4 - 5*d**3/6 - 7*d**2/2 + 6*d. Let c be r(-4). Let f(u) = -2*u - 3. Calculate f(c).
3
Let t(k) = k**3 - k. Let a = -28 + 18. Let m = -12 - a. What is t(m)?
-6
Let i(q) be the second derivative of q**7/2520 - q**6/180 + q**5/60 + 11*q**4/12 + 7*q. Let m(v) be the third derivative of i(v). Calculate m(4).
2
Let s = 42 - 22. Let a be s/15 - 2/(-3). Let k(c) = -c + c**3 + 4 - 1 - 1 + 6*c**a. What is k(-6)?
8
Let a(g) = g**2 - 6*g. Let f be (-54)/24*4/(-3). Suppose -f*s - 1 + 6 = 2*m, -3*s = m - 1. What is a(m)?
-8
Let f be (-415)/(-45) - (-2)/(-9). Let z(i) = -f + 8*i + 8 + 5*i - i. What is z(-1)?
-13
Let m(q) = 17*q + 125. Let t be m(-6). Suppose 2*h + 2*h - 12 = 0. Suppose 2*f + 8 = h*a + a, -5*a = 3*f + t. Let u(s) = s**3 + 6*s**2 + s - 2. What is u(f)?
-8
Let y(d) = d + 8. Let c be y(-6). Let z(p) = -2*p + 1. Let m be z(c). Let n(o) = -2*o + 2. Let h(x) = -12*x + 20. Let t(u) = -h(u) + 8*n(u). Determine t(m).
8
Let i(m) = -30*m - 18. Let c(u) = -14*u - 8. Let x(d) = 7*c(d) - 3*i(d). Calculate x(-4).
30
Let u(k) = -64*k - 1217. Let w be u(-19). Let x(z) = 24*z + 3. What is x(w)?
-21
Let q(v) = -2*v + 2 + 3*v**2 - 6*v**2 - 3*v**2 - 11 + 8. Give q(2).
-29
Let z(g) = -g**3 - 7*g**2 - 4*g + 7. Let o = -1 + 3. Suppose -p + 0 - 6 = 5*i, o*i = 0. Calculate z(p).
-5
Let z be 9/6*12/9. Let m(v) = -1 + 0 + 2 + 16*v**2 - 18*v**2. What is m(z)?
-7
Let x = 3542 - 3536. Let t(h) = 8 - 10*h - h**2 - h**2 + 3*h**2. Determine t(x).
-16
Let u = -31 + 42. Let i = -9 + u. Let b(n) = -n + 2. What is b(i)?
0
Let r(n) = -n - 1. Let l(j) = 7*j + 6. Let q(v) = l(v) + 6*r(v). Let s(g) = -7*g + 43. Let h be s(7). Calculate q(h).
-6
Let u(j) be the second derivative of -j**4/6 + j**3/3 + j**2/2 + 3*j + 2. What is u(-2)?
-11
Let t(j) be the second derivative of -j**4/24 - 11*j**3/6 - 19*j**2/2 - 13*j. Let y(r) be the first derivative of t(r). What is y(-9)?
-2
Suppose -4*p = u + 24, 3*p + 26 = -u + 7. Let t be 5 + (p - 16/(-4)). Let d(f) = f**3 - 4*f**2. Determine d(t).
0
Let a(r) = 6 + 1 - 1 + 0 - r**3. Let q = -102 + 102. Give a(q).
6
Let z(q) = -13*q**3 - 4*q**2 + 8*q - 13. Let u(o) = 5*o**3 + 2*o**2 - 4*o + 6. Let k(n) = 5*u(n) + 2*z(n). Determine k(2).
-4
Let c(t) = -5*t**3 + 0*t**2 - t**3 - 3*t**2 + 4*t**2. Let s(b) = b**2 + 5*b. Let o be s(-5). Let q be -5 + o + 2 + 2. Determine c(q).
7
Let i be ((-9)/(27/(-7)))/(1/3). Let d(u) = -3*u + 15. Give d(i).
-6
Let p(u) be the first derivative of u**3/3 + 6*u**2 + 15*u - 64. What is p(-10)?
-5
Let f(p) = -561*p**2 - 5*p + 280*p**2 + 3 + 282*p**2. Calculate f(6).
9
Let t = -13 + 23. Let k(d) = d**3 - 10*d**2 + 2*d - 20. Let b be k(t). Let y(s) = -s**3 + s**2 + s + 4. What is y(b)?
4
Let k(w) = -2*w + 3. Let n(p) = -2*p + 2. Suppose 40 = -5*a + 5*x, 7*x - 24 = a + 2*x. Let s(r) = a*n(r) + 3*k(r). What is s(-5)?
-9
Let m(q) be the third derivative of q**4/24 - 5*q**3/6 - 15*q**2 + 2. Determine m(8).
3
Let q(m) = 15*m - 26. Let s(a) = -7*a + 13. Let i(g) = -6*q(g) - 13*s(g). Determine i(4).
-9
Let m = 0 - -2. Let b be 11 - (5 + -3 + m). Let t(x) = -x**3 + 8*x**2 - 5*x - 6. What is t(b)?
8
Let r(u) be the third derivative of -u**6/720 + u**5/120 - 2*u**4/3 + 17*u**2. Let m(b) be the second derivative of r(b). Give m(1).
0
Let m(p) = 22*p - 49. Let w be m(3). Let o(s) = s**3 - 18*s**2 + 18*s - 7. Give o(w).
10
Let r(k) = -k**2 + 2*k + 13. Let p(f) = -5*f**2 + 10*f + 68. Let y(v) = 2*p(v) - 11*r(v). Let b be 6 - (1*-2 + 3). What is y(b)?
8
Let s be ((-2)/(-3))/(50/(-6225)). Let t = s - -88. Let w(v) = v**3 - 3*v**2 - 4*v + 5. What is w(t)?
35
Let b(a) = 2*a. Let l(i) = -20*i - 20. Let k(q) = -7*q - 7. Let j(p) = 17*k(p) - 6*l(p). Let r(h) = -2*b(h) + 3*j(h). Give r(4).
-1
Let f(t) be the first derivative of t**6/360 - t**5/20 - 7*t**4/24 + 41*t**3/3 - 14. Let g(w) be the third derivative of f(w). Determine g(7).
0
Let c be 1/2 - 16/(128/84). Let x(k) = -k - 13. Calculate x(c).
-3
Let q(r) = r**3 + 8*r**2 + 8*r + 7. Let x(g) = g**3 + 8*g**2 - 6*g + 2. Let t be x(-8). Suppose 3*c - t = -2*c. Let n be ((-3 + c)*-1)/1